{"id":4360,"date":"2020-01-12T17:08:08","date_gmt":"2020-01-12T16:08:08","guid":{"rendered":"https:\/\/lherboristeriedesaintpantaleon.com\/?post_type=product&#038;p=4360"},"modified":"2026-01-23T19:22:59","modified_gmt":"2026-01-23T18:22:59","slug":"douceur-florale-composee-lair-j","status":"publish","type":"product","link":"https:\/\/lherboristeriedesaintpantaleon.com\/index.php\/produit\/douceur-florale-composee-lair-j\/","title":{"rendered":"Douceur Florale Compos\u00e9e &#8220;L&#8217;air J&#8230;&#8221;"},"content":{"rendered":"<p><span style=\"color: #008000;\"><strong>Douceur\u00a0 Florale\u00a0<\/strong><strong>compos\u00e9e<\/strong><strong>\u00a0\u201cL&#8217;air J&#8230;.&#8221;<\/strong><\/span>\u00a0est \u00a0une pr\u00e9paration sirupeuse compos\u00e9e d\u2019une synergie\u00a0de 3 hydrolats<\/p>\n<p>Conditionnement:\u00a0<span style=\"color: #008000;\"><strong>Flacon de\u00a0<\/strong><strong>100ml,\u00a0<\/strong><\/span><\/p>\n<ul>\n<li><span style=\"color: #008000;\"><strong>Sur notre corps physique:<\/strong><\/span>\u00a0\u00a0<em>C\u2019est\u00a0\u00a0<\/em><em>le compagnon id\u00e9al lors des allergies saisonni\u00e8res.<\/em><\/li>\n<li><span style=\"color: #008000;\"><strong>Utilisation<\/strong><strong>:<\/strong><\/span><\/li>\n<li>En pr\u00e9vention: 1 cuill\u00e8re \u00e0 caf\u00e9 le matin \u00e0 jeun. faire une cure de 3 semaines, une pause d\u2019une semaine, recommencer ainsi 3 fois.<\/li>\n<li>lors de la saison pollinique, 1 \u00e0 plusieurs cuill\u00e8res \u00e0 caf\u00e9 lorsque le besoin se fait ressentir.<\/li>\n<\/ul>\n<p><span style=\"color: #008000;\"><strong>Composition<\/strong>:<\/span>\u00a0\u00a0<span style=\"color: #333333;\">Hydrolats d\u2019absinthe, gingembre, plantain, sucre, glucose, acide citrique.<\/span><\/p>\n","protected":false},"excerpt":{"rendered":"<p>Douceur\u00a0 Florale\u00a0compos\u00e9e\u00a0\u201cL&#8217;air J&#8230;.&#8221;\u00a0est \u00a0une pr\u00e9paration sirupeuse compos\u00e9e d\u2019une synergie\u00a0de 3 hydrolats Conditionnement:\u00a0Flacon de\u00a0100ml,\u00a0 Sur notre corps physique:\u00a0\u00a0C\u2019est\u00a0\u00a0le compagnon id\u00e9al lors [&hellip;]<\/p>\n","protected":false},"featured_media":5573,"comment_status":"open","ping_status":"closed","template":"","meta":[],"product_brand":[],"product_cat":[36],"product_tag":[],"class_list":{"0":"post-4360","1":"product","2":"type-product","3":"status-publish","4":"has-post-thumbnail","6":"product_cat-douceur-florale-composee","8":"first","9":"instock","10":"shipping-taxable","11":"purchasable","12":"product-type-simple"},"aioseo_notices":[],"_links":{"self":[{"href":"https:\/\/lherboristeriedesaintpantaleon.com\/index.php\/wp-json\/wp\/v2\/product\/4360","targetHints":{"allow":["GET"]}}],"collection":[{"href":"https:\/\/lherboristeriedesaintpantaleon.com\/index.php\/wp-json\/wp\/v2\/product"}],"about":[{"href":"https:\/\/lherboristeriedesaintpantaleon.com\/index.php\/wp-json\/wp\/v2\/types\/product"}],"replies":[{"embeddable":true,"href":"https:\/\/lherboristeriedesaintpantaleon.com\/index.php\/wp-json\/wp\/v2\/comments?post=4360"}],"wp:featuredmedia":[{"embeddable":true,"href":"https:\/\/lherboristeriedesaintpantaleon.com\/index.php\/wp-json\/wp\/v2\/media\/5573"}],"wp:attachment":[{"href":"https:\/\/lherboristeriedesaintpantaleon.com\/index.php\/wp-json\/wp\/v2\/media?parent=4360"}],"wp:term":[{"taxonomy":"product_brand","embeddable":true,"href":"https:\/\/lherboristeriedesaintpantaleon.com\/index.php\/wp-json\/wp\/v2\/product_brand?post=4360"},{"taxonomy":"product_cat","embeddable":true,"href":"https:\/\/lherboristeriedesaintpantaleon.com\/index.php\/wp-json\/wp\/v2\/product_cat?post=4360"},{"taxonomy":"product_tag","embeddable":true,"href":"https:\/\/lherboristeriedesaintpantaleon.com\/index.php\/wp-json\/wp\/v2\/product_tag?post=4360"}],"curies":[{"name":"wp","href":"https:\/\/api.w.org\/{rel}","templated":true}]}}