{"id":5026,"date":"2020-02-17T17:22:43","date_gmt":"2020-02-17T16:22:43","guid":{"rendered":"https:\/\/lherboristeriedesaintpantaleon.com\/?post_type=product&#038;p=5026"},"modified":"2020-07-28T19:20:58","modified_gmt":"2020-07-28T17:20:58","slug":"he-cannelle-ecorce","status":"publish","type":"product","link":"https:\/\/lherboristeriedesaintpantaleon.com\/index.php\/produit\/he-cannelle-ecorce\/","title":{"rendered":"HE  Ecorce de Cannelle"},"content":{"rendered":"<p>&nbsp;<\/p>\n<p><strong><span style=\"color: #008000;\">Huile essentielle de Cannelle Ceylan:<\/span>\u00a0<\/strong>Originaire de Ceylan, le cannelier pousse \u00e0 l\u2019\u00e9tat sauvage \u00e0\u00a0<strong><span style=\"color: #008000;\">Manaraha<\/span>\u00a0<\/strong>o\u00f9 il se diss\u00e9mine naturellement gr\u00e2ce au vent et aux oiseaux. Pour une meilleure qualit\u00e9 de l&#8217;huile essentielle obtenue (usage th\u00e9rapeutique), on pr\u00e9l\u00e8ve l&#8217;\u00e9corce sur des branches de 5 cm de diam\u00e8tre au maximum, une fois d\u00e9barrass\u00e9 de son \u00e9corce, le bois est recycl\u00e9 pour alimenter le foyer de l&#8217;alambic.<\/p>\n<p>Nom botanique:<strong>\u00a0<span style=\"color: #008000;\">Cinnamomum Zeylancium<\/span><\/strong><\/p>\n<p>Hydro-distillation:<strong>\u00a0<span style=\"color: #008000;\">\u00e9corce s\u00e9ch\u00e9e<\/span><\/strong><\/p>\n<p>Ch\u00e9motype:\u00a0<span style=\"color: #008000;\"><strong>Aldh\u00e9hydes cinnamique, ph\u00e9nol.\u00a0\u00a0<\/strong><\/span><\/p>\n<p>Origine :\u00a0<span style=\"color: #008000;\"><strong>Madagascar<\/strong><\/span><\/p>\n<p>Biotope: <span style=\"color: #008000;\"><strong>Cueillette r\u00e9glement\u00e9e en milieu sauvage\u00a0<\/strong><\/span><\/p>\n<p><span style=\"color: #008000;\"><strong>100% pure et int\u00e9grale<\/strong><\/span><\/p>\n<p>Contenance:\u00a0\u00a0<span style=\"color: #008000;\"><strong>5 ml<\/strong><\/span><\/p>\n<p>Compl\u00e9ment alimentaire pour adulte<\/p>\n<p>Pr\u00e9caution d\u2019emploi<br \/>\nTenir hors de port\u00e9e des enfants<br \/>\nContre indiqu\u00e9 chez la femme enceinte<br \/>\nBien fermer le flacon apr\u00e8s chaque utilisation<br \/>\nConservation \u00e0 l\u2019abri de la lumi\u00e8re et de la chaleur<br \/>\n<span style=\"color: #ff0000;\">Ne pas mettre au contact avec les yeux\u00a0<\/span><br \/>\n<span style=\"color: #ff0000;\">Ne pas appliquer pure sur la peau.<\/span><\/p>\n","protected":false},"excerpt":{"rendered":"<p>&nbsp; Huile essentielle de Cannelle Ceylan:\u00a0Originaire de Ceylan, le cannelier pousse \u00e0 l\u2019\u00e9tat sauvage \u00e0\u00a0Manaraha\u00a0o\u00f9 il se diss\u00e9mine naturellement gr\u00e2ce [&hellip;]<\/p>\n","protected":false},"featured_media":5034,"comment_status":"open","ping_status":"closed","template":"","meta":[],"product_brand":[],"product_cat":[62,77],"product_tag":[],"class_list":{"0":"post-5026","1":"product","2":"type-product","3":"status-publish","4":"has-post-thumbnail","6":"product_cat-huile-essentielle","7":"product_cat-huiles-essentielles-artisanale","9":"first","10":"instock","11":"shipping-taxable","12":"purchasable","13":"product-type-simple"},"aioseo_notices":[],"_links":{"self":[{"href":"https:\/\/lherboristeriedesaintpantaleon.com\/index.php\/wp-json\/wp\/v2\/product\/5026","targetHints":{"allow":["GET"]}}],"collection":[{"href":"https:\/\/lherboristeriedesaintpantaleon.com\/index.php\/wp-json\/wp\/v2\/product"}],"about":[{"href":"https:\/\/lherboristeriedesaintpantaleon.com\/index.php\/wp-json\/wp\/v2\/types\/product"}],"replies":[{"embeddable":true,"href":"https:\/\/lherboristeriedesaintpantaleon.com\/index.php\/wp-json\/wp\/v2\/comments?post=5026"}],"wp:featuredmedia":[{"embeddable":true,"href":"https:\/\/lherboristeriedesaintpantaleon.com\/index.php\/wp-json\/wp\/v2\/media\/5034"}],"wp:attachment":[{"href":"https:\/\/lherboristeriedesaintpantaleon.com\/index.php\/wp-json\/wp\/v2\/media?parent=5026"}],"wp:term":[{"taxonomy":"product_brand","embeddable":true,"href":"https:\/\/lherboristeriedesaintpantaleon.com\/index.php\/wp-json\/wp\/v2\/product_brand?post=5026"},{"taxonomy":"product_cat","embeddable":true,"href":"https:\/\/lherboristeriedesaintpantaleon.com\/index.php\/wp-json\/wp\/v2\/product_cat?post=5026"},{"taxonomy":"product_tag","embeddable":true,"href":"https:\/\/lherboristeriedesaintpantaleon.com\/index.php\/wp-json\/wp\/v2\/product_tag?post=5026"}],"curies":[{"name":"wp","href":"https:\/\/api.w.org\/{rel}","templated":true}]}}