{"id":5045,"date":"2020-02-17T20:19:10","date_gmt":"2020-02-17T19:19:10","guid":{"rendered":"https:\/\/lherboristeriedesaintpantaleon.com\/?post_type=product&#038;p=5045"},"modified":"2022-03-03T17:29:55","modified_gmt":"2022-03-03T16:29:55","slug":"he-de-ravintsara","status":"publish","type":"product","link":"https:\/\/lherboristeriedesaintpantaleon.com\/index.php\/produit\/he-de-ravintsara\/","title":{"rendered":"HE  Ravintsara"},"content":{"rendered":"<p><strong><span style=\"color: #008000;\">Huile essentielle de Ravintsara:<\/span>\u00a0<\/strong>A Manaraha \u00e0 Madagascar, les feuilles parvenues \u00e0 maturit\u00e9 sont distill\u00e9es aussit\u00f4t apr\u00e8s la cueillette afin de garantir une meilleure qualit\u00e9 th\u00e9rapeutique sans toxicit\u00e9 de l&#8217;huile essentielle obtenue. Traditionnellement, les feuilles de Ravintsara sont utilis\u00e9es en inhalation humide pour soigner les probl\u00e8me respiratoire et en tisane pour le sommeil. En aromath\u00e9rapie, l&#8217;huile essentielle de Ravintsara est connue pour ses propri\u00e9t\u00e9s antivirales exceptionnelles.<\/p>\n<p>Nom botanique:<span style=\"color: #008000;\"><strong> Cinnamomum camphora 1,8 cin\u00e9ol<\/strong><\/span><\/p>\n<p>Hydro-distillation: <span style=\"color: #008000;\"><strong>des feuilles<\/strong><\/span><\/p>\n<p>Ch\u00e9motype:\u00a0<span style=\"color: #008000;\"><strong>Oxydes terp\u00e9niques, monoterp\u00e9nols\u00a0\u00a0<\/strong><\/span><\/p>\n<p>Origine :\u00a0<span style=\"color: #008000;\"><strong>Madagascar<\/strong><\/span><\/p>\n<p>Biotope:\u00a0<strong> <span style=\"color: #008000;\">Semi-<\/span><span style=\"color: #008000;\">Sauvage<\/span><\/strong><span style=\"color: #333333;\"><strong><span style=\"color: #008000;\">\u00a0<\/span> <\/strong>Cueillette r\u00e9glement\u00e9e en milieu sauvage<\/span><\/p>\n<p><span style=\"color: #008000;\"><strong>100% pure et int\u00e9grale<\/strong><\/span><\/p>\n<p>Contenance:\u00a0\u00a0<span style=\"color: #008000;\"><strong>10 ml<\/strong><\/span><\/p>\n<p>Compl\u00e9ment alimentaire pour adulte<\/p>\n<p>Contre indiqu\u00e9 chez la femme enceinte et la\u00a0 personne asthmatique.<\/p>\n<p>Bien fermer le flacon apr\u00e8s chaque utilisation<br \/>\nConservation \u00e0 l\u2019abri de la lumi\u00e8re et de la chaleur.<\/p>\n","protected":false},"excerpt":{"rendered":"<p>Huile essentielle de Ravintsara:\u00a0A Manaraha \u00e0 Madagascar, les feuilles parvenues \u00e0 maturit\u00e9 sont distill\u00e9es aussit\u00f4t apr\u00e8s la cueillette afin de [&hellip;]<\/p>\n","protected":false},"featured_media":5538,"comment_status":"open","ping_status":"closed","template":"","meta":[],"product_brand":[],"product_cat":[62,77],"product_tag":[],"class_list":{"0":"post-5045","1":"product","2":"type-product","3":"status-publish","4":"has-post-thumbnail","6":"product_cat-huile-essentielle","7":"product_cat-huiles-essentielles-artisanale","9":"first","10":"instock","11":"shipping-taxable","12":"purchasable","13":"product-type-simple"},"aioseo_notices":[],"_links":{"self":[{"href":"https:\/\/lherboristeriedesaintpantaleon.com\/index.php\/wp-json\/wp\/v2\/product\/5045","targetHints":{"allow":["GET"]}}],"collection":[{"href":"https:\/\/lherboristeriedesaintpantaleon.com\/index.php\/wp-json\/wp\/v2\/product"}],"about":[{"href":"https:\/\/lherboristeriedesaintpantaleon.com\/index.php\/wp-json\/wp\/v2\/types\/product"}],"replies":[{"embeddable":true,"href":"https:\/\/lherboristeriedesaintpantaleon.com\/index.php\/wp-json\/wp\/v2\/comments?post=5045"}],"wp:featuredmedia":[{"embeddable":true,"href":"https:\/\/lherboristeriedesaintpantaleon.com\/index.php\/wp-json\/wp\/v2\/media\/5538"}],"wp:attachment":[{"href":"https:\/\/lherboristeriedesaintpantaleon.com\/index.php\/wp-json\/wp\/v2\/media?parent=5045"}],"wp:term":[{"taxonomy":"product_brand","embeddable":true,"href":"https:\/\/lherboristeriedesaintpantaleon.com\/index.php\/wp-json\/wp\/v2\/product_brand?post=5045"},{"taxonomy":"product_cat","embeddable":true,"href":"https:\/\/lherboristeriedesaintpantaleon.com\/index.php\/wp-json\/wp\/v2\/product_cat?post=5045"},{"taxonomy":"product_tag","embeddable":true,"href":"https:\/\/lherboristeriedesaintpantaleon.com\/index.php\/wp-json\/wp\/v2\/product_tag?post=5045"}],"curies":[{"name":"wp","href":"https:\/\/api.w.org\/{rel}","templated":true}]}}