{"id":6077,"date":"2020-06-18T18:33:00","date_gmt":"2020-06-18T16:33:00","guid":{"rendered":"https:\/\/lherboristeriedesaintpantaleon.com\/?post_type=product&#038;p=6077"},"modified":"2022-07-28T15:33:11","modified_gmt":"2022-07-28T13:33:11","slug":"he-thym-ct-linalol-2","status":"publish","type":"product","link":"https:\/\/lherboristeriedesaintpantaleon.com\/index.php\/produit\/he-thym-ct-linalol-2\/","title":{"rendered":"HE  Thym CT Linalol"},"content":{"rendered":"<p>Nom botanique:<span style=\"color: #008000;\"><strong> Thymus vulgaris linaloliferum<\/strong><\/span><\/p>\n<p>Hydro-distillation: <span style=\"color: #008000;\"><strong>\u00a0Sommit\u00e9s fleuries<\/strong><\/span><\/p>\n<p>Ch\u00e9motype: <span style=\"color: #008000;\"><strong>\u00a0Linalol, bon\u00e9ol,thymol, ac\u00e9tate de linalyle.<\/strong><\/span><\/p>\n<p>Origine : <span style=\"color: #008000;\"><b>Espagne<\/b><\/span><\/p>\n<p>Cueillette: <span style=\"color: #008000;\"><strong>M\u00e9canique<\/strong><\/span><\/p>\n<p>Biotope: <span style=\"color: #008000;\"><b>Cultiv\u00e9e<\/b><\/span><\/p>\n<p>Garantie :<span style=\"color: #008000;\"><strong>Biologique, certifi\u00e9 par Ecocert<\/strong><\/span><\/p>\n<p><span style=\"color: #008000;\"><strong>100% pure et int\u00e9grale<\/strong><\/span><\/p>\n<p>Contenance:\u00a0\u00a0<span style=\"color: #008000;\"><strong>5 ml<\/strong><\/span><\/p>\n<p><strong><span style=\"color: #ff0000;\">Contre indication<\/span><\/strong>: <strong>D\u00e9conseill\u00e9e les 3 premiers mois de la grossesse et aux enfants de moins de 3 ans.<\/strong><\/p>\n<p>Bien fermer le flacon apr\u00e8s chaque utilisation<br \/>\nConservation \u00e0 l\u2019abri de la lumi\u00e8re et de la chaleur.<\/p>\n","protected":false},"excerpt":{"rendered":"<p>Nom botanique: Thymus vulgaris linaloliferum Hydro-distillation: \u00a0Sommit\u00e9s fleuries Ch\u00e9motype: \u00a0Linalol, bon\u00e9ol,thymol, ac\u00e9tate de linalyle. Origine : Espagne Cueillette: M\u00e9canique Biotope: [&hellip;]<\/p>\n","protected":false},"featured_media":7,"comment_status":"open","ping_status":"closed","template":"","meta":[],"product_brand":[],"product_cat":[62],"product_tag":[],"class_list":{"0":"post-6077","1":"product","2":"type-product","3":"status-publish","4":"has-post-thumbnail","6":"product_cat-huile-essentielle","8":"first","9":"instock","10":"shipping-taxable","11":"purchasable","12":"product-type-simple"},"aioseo_notices":[],"_links":{"self":[{"href":"https:\/\/lherboristeriedesaintpantaleon.com\/index.php\/wp-json\/wp\/v2\/product\/6077","targetHints":{"allow":["GET"]}}],"collection":[{"href":"https:\/\/lherboristeriedesaintpantaleon.com\/index.php\/wp-json\/wp\/v2\/product"}],"about":[{"href":"https:\/\/lherboristeriedesaintpantaleon.com\/index.php\/wp-json\/wp\/v2\/types\/product"}],"replies":[{"embeddable":true,"href":"https:\/\/lherboristeriedesaintpantaleon.com\/index.php\/wp-json\/wp\/v2\/comments?post=6077"}],"wp:featuredmedia":[{"embeddable":true,"href":"https:\/\/lherboristeriedesaintpantaleon.com\/index.php\/wp-json\/wp\/v2\/media\/7"}],"wp:attachment":[{"href":"https:\/\/lherboristeriedesaintpantaleon.com\/index.php\/wp-json\/wp\/v2\/media?parent=6077"}],"wp:term":[{"taxonomy":"product_brand","embeddable":true,"href":"https:\/\/lherboristeriedesaintpantaleon.com\/index.php\/wp-json\/wp\/v2\/product_brand?post=6077"},{"taxonomy":"product_cat","embeddable":true,"href":"https:\/\/lherboristeriedesaintpantaleon.com\/index.php\/wp-json\/wp\/v2\/product_cat?post=6077"},{"taxonomy":"product_tag","embeddable":true,"href":"https:\/\/lherboristeriedesaintpantaleon.com\/index.php\/wp-json\/wp\/v2\/product_tag?post=6077"}],"curies":[{"name":"wp","href":"https:\/\/api.w.org\/{rel}","templated":true}]}}