{"id":6081,"date":"2020-06-18T18:50:02","date_gmt":"2020-06-18T16:50:02","guid":{"rendered":"https:\/\/lherboristeriedesaintpantaleon.com\/?post_type=product&#038;p=6081"},"modified":"2021-01-17T19:18:54","modified_gmt":"2021-01-17T18:18:54","slug":"he-romarin-camphre-de-provence","status":"publish","type":"product","link":"https:\/\/lherboristeriedesaintpantaleon.com\/index.php\/produit\/he-romarin-camphre-de-provence\/","title":{"rendered":"HE  Romarin camphr\u00e9 de Provence"},"content":{"rendered":"<p><span style=\"color: #008000;\"><strong>Huile essentielle de Romarin camphr\u00e9\u00a0 de Provence<\/strong> :<\/span> <b>Cette huile essentielle est issue d&#8217;une production\u00a0 artisanale et\u00a0 locale.\u00a0 La magie de la plante <\/b><b>mari\u00e9e <\/b><b>\u00e0 la sensibilit\u00e9 Bertrand Chevalier, artisan-distillateur offre <\/b><b>une v\u00e9ritable Alchimie,<\/b><b> au\u00a0 r\u00e9sultat <\/b><b>exceptionnel,<\/b><b>\u00a0<\/b><b>une huile essentielle aux senteurs divines, <\/b><b>aux vibrations <\/b><b>subtiles et<\/b><b> \u00e9nerg\u00e9tiques.\u00a0<\/b><\/p>\n<p>Nom botanique:<span style=\"color: #008000;\"><strong> Rosmarinus officinalis camphoriferum<\/strong><\/span><\/p>\n<p>Hydro-distillation: <span style=\"color: #008000;\"><strong>\u00a0Rameaux fleuris<\/strong><\/span><\/p>\n<p>Ch\u00e9motype: <span style=\"color: #008000;\"><strong>\u00a0Monoterp\u00e8nes, oxyde, c\u00e9tones dont le camphre, monoterpenols, sesquiterp\u00e8ne, ester.<\/strong><\/span><\/p>\n<p>Origine : \u00a0<b>Provence:\u00a0<\/b><b>\u00a0<\/b><b><strong>entre le <\/strong><\/b><b><strong>\u00a0<span style=\"color: #008000;\">Luberon<\/span>\u00a0<\/strong><\/b><b><strong>et les contreforts sud du <\/strong><\/b><span style=\"color: #008000;\"><b><strong>Ventoux<\/strong><\/b><\/span><\/p>\n<p>Cueillette: <span style=\"color: #008000;\"><strong>Manuelle<\/strong><\/span><\/p>\n<p>Biotope: <span style=\"color: #008000;\"><b>Sauvage\u00a0\u00a0<\/b><\/span><\/p>\n<p><span style=\"color: #008000;\"><strong>100% pure et naturelle<\/strong><\/span><\/p>\n<p>Contenance:\u00a0\u00a0<span style=\"color: #008000;\"><strong>5 ml<\/strong><\/span><\/p>\n<p><strong><span style=\"color: #ff0000;\">Contre indication<\/span><\/strong>\u00a0<strong>aux jeunes enfants de moins de 6 ans<\/strong>, d\u00e9conseill\u00e9e aux enfants de moins de 12 ans, aux femmes enceintes et allaitante, aux personnes ayant des ant\u00e9c\u00e9dents de convulsion.<\/p>\n<p>Bien fermer le flacon apr\u00e8s chaque utilisation<br \/>\nConservation \u00e0 l\u2019abri de la lumi\u00e8re et de la chaleur.<\/p>\n","protected":false},"excerpt":{"rendered":"<p><strong>Cette huile essentielle est issue d&#8217;une<span style=\"color: #008000;\"> production\u00a0 artisanale et locale.<\/span><\/strong><\/p>\n","protected":false},"featured_media":6164,"comment_status":"open","ping_status":"closed","template":"","meta":[],"product_brand":[],"product_cat":[62,77],"product_tag":[],"class_list":{"0":"post-6081","1":"product","2":"type-product","3":"status-publish","4":"has-post-thumbnail","6":"product_cat-huile-essentielle","7":"product_cat-huiles-essentielles-artisanale","9":"first","10":"instock","11":"shipping-taxable","12":"purchasable","13":"product-type-variable"},"aioseo_notices":[],"_links":{"self":[{"href":"https:\/\/lherboristeriedesaintpantaleon.com\/index.php\/wp-json\/wp\/v2\/product\/6081","targetHints":{"allow":["GET"]}}],"collection":[{"href":"https:\/\/lherboristeriedesaintpantaleon.com\/index.php\/wp-json\/wp\/v2\/product"}],"about":[{"href":"https:\/\/lherboristeriedesaintpantaleon.com\/index.php\/wp-json\/wp\/v2\/types\/product"}],"replies":[{"embeddable":true,"href":"https:\/\/lherboristeriedesaintpantaleon.com\/index.php\/wp-json\/wp\/v2\/comments?post=6081"}],"wp:featuredmedia":[{"embeddable":true,"href":"https:\/\/lherboristeriedesaintpantaleon.com\/index.php\/wp-json\/wp\/v2\/media\/6164"}],"wp:attachment":[{"href":"https:\/\/lherboristeriedesaintpantaleon.com\/index.php\/wp-json\/wp\/v2\/media?parent=6081"}],"wp:term":[{"taxonomy":"product_brand","embeddable":true,"href":"https:\/\/lherboristeriedesaintpantaleon.com\/index.php\/wp-json\/wp\/v2\/product_brand?post=6081"},{"taxonomy":"product_cat","embeddable":true,"href":"https:\/\/lherboristeriedesaintpantaleon.com\/index.php\/wp-json\/wp\/v2\/product_cat?post=6081"},{"taxonomy":"product_tag","embeddable":true,"href":"https:\/\/lherboristeriedesaintpantaleon.com\/index.php\/wp-json\/wp\/v2\/product_tag?post=6081"}],"curies":[{"name":"wp","href":"https:\/\/api.w.org\/{rel}","templated":true}]}}