{"id":6564,"date":"2025-01-10T10:08:18","date_gmt":"2025-01-10T09:08:18","guid":{"rendered":"https:\/\/lherboristeriedesaintpantaleon.com\/?post_type=product&#038;p=6564"},"modified":"2025-03-11T11:27:41","modified_gmt":"2025-03-11T10:27:41","slug":"tisane-atchoum-2","status":"publish","type":"product","link":"https:\/\/lherboristeriedesaintpantaleon.com\/index.php\/produit\/tisane-atchoum-2\/","title":{"rendered":"Tisane Atchoum"},"content":{"rendered":"<div class=\"woocommerce-tabs wc-tabs-wrapper\">\n<div id=\"tab-description\" class=\"woocommerce-Tabs-panel woocommerce-Tabs-panel--description panel entry-content wc-tab\" role=\"tabpanel\" aria-labelledby=\"tab-title-description\">\n<p><b><span style=\"color: #008000;\">La Tisane Atchoum<\/span>.<\/b><\/p>\n<p>M\u00e9lange de la plantes utilis\u00e9es:\u00a0<span style=\"color: #008000;\"><strong>Sureau<\/strong>\u00a0(fleurs tamis\u00e9es)<\/span><i>\u00a0Sambucus nigra<\/i>\u00a0<span style=\"color: #008000;\">\u00a0<strong>Serpolet\u00a0<\/strong>( sommit\u00e9s fleuries)<\/span><em>Thymus serpyllum,\u00a0<span style=\"color: #008000;\">\u00a0<\/span><strong><span style=\"color: #008000;\">bouillon<\/span> <span style=\"color: #008000;\">blanc\u00a0<\/span><\/strong><span style=\"color: #008000;\">(sommit\u00e9s fleuries)<\/span> Verbascum thapsus,\u00a0<\/em><span style=\"color: #008000;\"><em>\u00a0<\/em><strong>Cynorrhodon\u00a0<\/strong>(fruits)<\/span>\u00a0<em>Rosa canina,\u00a0<\/em><span style=\"color: #008000;\"><strong>Anis vert\u00a0<\/strong>(fruit)\u00a0<\/span><em>Pimpinella anisum,\u00a0<\/em><span style=\"color: #008000;\"><strong>Eucalyptus<\/strong>\u00a0(feuilles)<\/span>\u00a0<em>Eucalyptus globulus,\u00a0<\/em><em><span style=\"color: #008000;\"><strong>Hysope<\/strong>( sommit\u00e9s fleuries) <\/span>Hyssopus officinalis,\u00a0<span style=\"color: #008000;\"><strong>Plantain <\/strong>(feuilles coup\u00e9es) <\/span>Plantago lanceolata,\u00a0<\/em><span style=\"color: #008000;\"><strong>Gingembre\u00a0<\/strong><\/span><em><span style=\"color: #008000;\">(racine)<\/span>\u00a0zinziber officinale\u00a0<\/em><\/p>\n<p>&nbsp;<\/p>\n<p>Produit certifi\u00e9\u00a0<span style=\"color: #008000;\"><strong>AB<\/strong>,<\/span><\/p>\n<p>Pot en verre violet:<strong> Contenance: \u00a0<span style=\"color: #008000;\">100g, 200g<\/span><\/strong><\/p>\n<ul>\n<li><span style=\"color: #008000;\"><strong><i>\u00a0Pourquoi un contenant en verre violet?<\/i><\/strong>\u00a0<\/span> Il permet de prot\u00e9ger les plantes de la lumi\u00e8re afin d\u2019\u00e9viter toutes oxydations et perte des principes actifs des plantes. Puis d\u00e8s votre tisane termin\u00e9e,\u00a0 commandez\u00a0<span style=\"color: #008000;\"><strong>la Tisane Atchoum<\/strong><\/span>\u00a0<em><strong>en sachet kraft<\/strong><\/em>\u00a0afin de remplir \u00e0 nouveau votre pot (dans la rubrique\u00a0<strong>Tisane).<\/strong><\/li>\n<\/ul>\n<p>&nbsp;<\/p>\n<\/div>\n<\/div>\n","protected":false},"excerpt":{"rendered":"<p>Contenant en verre violet permet de prot\u00e9ger les plantes de la lumi\u00e8re afin d\u2019\u00e9viter toutes oxydations et perte des principes actifs des plantes.<\/p>\n","protected":false},"featured_media":6565,"comment_status":"open","ping_status":"closed","template":"","meta":[],"product_brand":[],"product_cat":[91,85],"product_tag":[],"class_list":{"0":"post-6564","1":"product","2":"type-product","3":"status-publish","4":"has-post-thumbnail","6":"product_cat-creations-passion-aromatique","7":"product_cat-tisanes-pot-en-verre-violet","9":"first","10":"instock","11":"taxable","12":"shipping-taxable","13":"purchasable","14":"product-type-variable"},"aioseo_notices":[],"_links":{"self":[{"href":"https:\/\/lherboristeriedesaintpantaleon.com\/index.php\/wp-json\/wp\/v2\/product\/6564","targetHints":{"allow":["GET"]}}],"collection":[{"href":"https:\/\/lherboristeriedesaintpantaleon.com\/index.php\/wp-json\/wp\/v2\/product"}],"about":[{"href":"https:\/\/lherboristeriedesaintpantaleon.com\/index.php\/wp-json\/wp\/v2\/types\/product"}],"replies":[{"embeddable":true,"href":"https:\/\/lherboristeriedesaintpantaleon.com\/index.php\/wp-json\/wp\/v2\/comments?post=6564"}],"wp:featuredmedia":[{"embeddable":true,"href":"https:\/\/lherboristeriedesaintpantaleon.com\/index.php\/wp-json\/wp\/v2\/media\/6565"}],"wp:attachment":[{"href":"https:\/\/lherboristeriedesaintpantaleon.com\/index.php\/wp-json\/wp\/v2\/media?parent=6564"}],"wp:term":[{"taxonomy":"product_brand","embeddable":true,"href":"https:\/\/lherboristeriedesaintpantaleon.com\/index.php\/wp-json\/wp\/v2\/product_brand?post=6564"},{"taxonomy":"product_cat","embeddable":true,"href":"https:\/\/lherboristeriedesaintpantaleon.com\/index.php\/wp-json\/wp\/v2\/product_cat?post=6564"},{"taxonomy":"product_tag","embeddable":true,"href":"https:\/\/lherboristeriedesaintpantaleon.com\/index.php\/wp-json\/wp\/v2\/product_tag?post=6564"}],"curies":[{"name":"wp","href":"https:\/\/api.w.org\/{rel}","templated":true}]}}